{"id":234,"date":"2016-07-20T19:16:46","date_gmt":"2016-07-20T07:16:46","guid":{"rendered":"http:\/\/www.cpswf.wf\/portail\/?page_id=234"},"modified":"2019-08-07T14:10:58","modified_gmt":"2019-08-07T02:10:58","slug":"formalites-administratives-pour-vos-salaires","status":"publish","type":"page","link":"https:\/\/www.cpswf.wf\/portail\/index.php\/entreprises\/formalites-administratives-pour-vos-salaires\/","title":{"rendered":"Formalit\u00e9s administratives pour vos salaires"},"content":{"rendered":"<p>[icon name=\u00a0\u00bbarrow-right\u00a0\u00bb class=\u00a0\u00bb\u00a0\u00bb unprefixed_class=\u00a0\u00bb\u00a0\u00bb]Vous devez joindre une d\u00e9claration d\u2019embauchage ou de d\u00e9bauchage ou bordereau d\u2019appel nominatif pour chaque employ\u00e9 embauch\u00e9 ou d\u00e9bauch\u00e9\u00a0;<\/p>\n<p>Cette formalit\u00e9 permettra l\u2019attribution d\u2019un num\u00e9ro d\u2019immatriculation.<\/p>\n<p>Ce num\u00e9ro correspondra au compte personnel du salari\u00e9 destin\u00e9 \u00e0 enregistrer ses droits \u00e0 l\u2019Assurance Retraite.<\/p>\n","protected":false},"excerpt":{"rendered":"<p>[icon name=\u00a0\u00bbarrow-right\u00a0\u00bb class=\u00a0\u00bb\u00a0\u00bb unprefixed_class=\u00a0\u00bb\u00a0\u00bb]Vous devez joindre une d\u00e9claration d\u2019embauchage ou de d\u00e9bauchage ou bordereau d\u2019appel nominatif pour chaque employ\u00e9 embauch\u00e9 ou d\u00e9bauch\u00e9\u00a0; Cette formalit\u00e9 permettra l\u2019attribution d\u2019un num\u00e9ro d\u2019immatriculation. Ce num\u00e9ro correspondra au compte personnel du salari\u00e9 destin\u00e9 \u00e0 enregistrer ses droits \u00e0 l\u2019Assurance Retraite.<\/p>\n","protected":false},"author":1,"featured_media":0,"parent":42,"menu_order":0,"comment_status":"closed","ping_status":"closed","template":"","meta":{"footnotes":""},"class_list":["post-234","page","type-page","status-publish","hentry","post"],"_links":{"self":[{"href":"https:\/\/www.cpswf.wf\/portail\/index.php\/wp-json\/wp\/v2\/pages\/234","targetHints":{"allow":["GET"]}}],"collection":[{"href":"https:\/\/www.cpswf.wf\/portail\/index.php\/wp-json\/wp\/v2\/pages"}],"about":[{"href":"https:\/\/www.cpswf.wf\/portail\/index.php\/wp-json\/wp\/v2\/types\/page"}],"author":[{"embeddable":true,"href":"https:\/\/www.cpswf.wf\/portail\/index.php\/wp-json\/wp\/v2\/users\/1"}],"replies":[{"embeddable":true,"href":"https:\/\/www.cpswf.wf\/portail\/index.php\/wp-json\/wp\/v2\/comments?post=234"}],"version-history":[{"count":6,"href":"https:\/\/www.cpswf.wf\/portail\/index.php\/wp-json\/wp\/v2\/pages\/234\/revisions"}],"predecessor-version":[{"id":369,"href":"https:\/\/www.cpswf.wf\/portail\/index.php\/wp-json\/wp\/v2\/pages\/234\/revisions\/369"}],"up":[{"embeddable":true,"href":"https:\/\/www.cpswf.wf\/portail\/index.php\/wp-json\/wp\/v2\/pages\/42"}],"wp:attachment":[{"href":"https:\/\/www.cpswf.wf\/portail\/index.php\/wp-json\/wp\/v2\/media?parent=234"}],"curies":[{"name":"wp","href":"https:\/\/api.w.org\/{rel}","templated":true}]}}