{"id":230,"date":"2016-07-20T19:13:04","date_gmt":"2016-07-20T07:13:04","guid":{"rendered":"http:\/\/www.cpswf.wf\/portail\/?page_id=230"},"modified":"2019-08-07T14:09:42","modified_gmt":"2019-08-07T02:09:42","slug":"formalites-administratives-concernant-votre-entreprise","status":"publish","type":"page","link":"https:\/\/www.cpswf.wf\/portail\/index.php\/entreprises\/formalites-administratives-concernant-votre-entreprise\/","title":{"rendered":"Formalit\u00e9s administratives concernant votre entreprise"},"content":{"rendered":"<p>Tout employeur doit d\u00e9clarer au service Recouvrement de la C.P.S.W.F., l&rsquo;existence de son entreprise, son commerce ou toute activit\u00e9.<\/p>\n<p>Le service attribuera un num\u00e9ro d&rsquo;immatriculation \u00e0 chaque employeur et dans certains cas \u00e0 chaque \u00e9tablissement. Ce num\u00e9ro d\u00e9signe le compte sur lequel seront comptabilis\u00e9es les cotisations : il devra \u00eatre rappel\u00e9 sur toute correspondance et tous documents envoy\u00e9s \u00e0 nos service :<\/p>\n<p>Chaque employeur devra signaler tout changement d&rsquo;adresse, modification et cessation d&rsquo;activit\u00e9 ou d&#8217;emploi du personnel ;<\/p>\n<p>il est rappel\u00e9 que le service Recouvrement est tenu de proc\u00e9der \u00e0 l&rsquo;affiliation d&rsquo;office de tout employeur qui aurait d\u00fb l&rsquo;\u00eatre en application des dispositions du statut et d&rsquo;appeler les cotisations correspondant aux r\u00e9mun\u00e9rations vers\u00e9es.<\/p>\n<p>______________________________________________________________________________________________________________________________________<\/p>\n<p>Formalit\u00e9s pour information<\/p>\n<p><a href=\"http:\/\/www.cpswf.wf\/portail\/wp-content\/uploads\/2016\/07\/informations-cpswf.pdf\">informations cpswf<\/a><\/p>\n<p>&nbsp;<\/p>\n","protected":false},"excerpt":{"rendered":"<p>Tout employeur doit d\u00e9clarer au service Recouvrement de la C.P.S.W.F., l&rsquo;existence de son entreprise, son commerce ou toute activit\u00e9. Le service attribuera un num\u00e9ro d&rsquo;immatriculation \u00e0 chaque employeur et dans certains cas \u00e0 chaque \u00e9tablissement. Ce num\u00e9ro d\u00e9signe le compte sur lequel seront comptabilis\u00e9es les cotisations : il devra \u00eatre rappel\u00e9 sur toute correspondance et [&hellip;]<\/p>\n","protected":false},"author":1,"featured_media":0,"parent":42,"menu_order":0,"comment_status":"closed","ping_status":"closed","template":"","meta":{"footnotes":""},"class_list":["post-230","page","type-page","status-publish","hentry","post"],"_links":{"self":[{"href":"https:\/\/www.cpswf.wf\/portail\/index.php\/wp-json\/wp\/v2\/pages\/230","targetHints":{"allow":["GET"]}}],"collection":[{"href":"https:\/\/www.cpswf.wf\/portail\/index.php\/wp-json\/wp\/v2\/pages"}],"about":[{"href":"https:\/\/www.cpswf.wf\/portail\/index.php\/wp-json\/wp\/v2\/types\/page"}],"author":[{"embeddable":true,"href":"https:\/\/www.cpswf.wf\/portail\/index.php\/wp-json\/wp\/v2\/users\/1"}],"replies":[{"embeddable":true,"href":"https:\/\/www.cpswf.wf\/portail\/index.php\/wp-json\/wp\/v2\/comments?post=230"}],"version-history":[{"count":5,"href":"https:\/\/www.cpswf.wf\/portail\/index.php\/wp-json\/wp\/v2\/pages\/230\/revisions"}],"predecessor-version":[{"id":324,"href":"https:\/\/www.cpswf.wf\/portail\/index.php\/wp-json\/wp\/v2\/pages\/230\/revisions\/324"}],"up":[{"embeddable":true,"href":"https:\/\/www.cpswf.wf\/portail\/index.php\/wp-json\/wp\/v2\/pages\/42"}],"wp:attachment":[{"href":"https:\/\/www.cpswf.wf\/portail\/index.php\/wp-json\/wp\/v2\/media?parent=230"}],"curies":[{"name":"wp","href":"https:\/\/api.w.org\/{rel}","templated":true}]}}