{"id":179,"date":"2016-07-19T18:06:58","date_gmt":"2016-07-19T06:06:58","guid":{"rendered":"http:\/\/www.cpswf.wf\/portail\/?page_id=179"},"modified":"2025-12-24T19:32:27","modified_gmt":"2025-12-24T07:32:27","slug":"informations","status":"publish","type":"page","link":"https:\/\/www.cpswf.wf\/portail\/index.php\/informations\/","title":{"rendered":"Informations"},"content":{"rendered":"<p>La Caisse Locale de Retraites existe depuis <strong>le 1<sup>er<\/sup> janvier 1978<\/strong>. La Caisse de Compensation des Prestations Familiales a \u00e9t\u00e9 cr\u00e9\u00e9e au <strong>1<sup>er<\/sup> juillet 1990<\/strong>. Au <strong>1<sup>er<\/sup> janvier 2012, <\/strong>les deux Caisses sont unifi\u00e9es et l\u2019Arr\u00eat\u00e9 N\u00b0 2011 \u2013 377 approuve et rend ex\u00e9cutoire la d\u00e9lib\u00e9ration n\u00b0 32\/AT\/2011 du 06 octobre 2011 portant adoption des statuts de la Caisse de Prestations Familiales et Sociales de Wallis et Futuna (C.P.S.W.F).<\/p>\n<h4>La CPSWF\u00a0a pour fonction\u00a0:<\/h4>\n<ul>\n<li><strong>d\u2019encaisser :\u00a0<\/strong>les cotisations patronales <strong>(20%)<\/strong> et salariales <strong>(7 %)<\/strong><\/li>\n<\/ul>\n<ul>\n<li><strong>de verser :\u00a0<\/strong>\n<ul>\n<li>les pensions retraites aux salari\u00e9s remplissant les conditions d\u00e9finies par le statut C.L.R.<\/li>\n<li>les prestations familiales aux salari\u00e9s remplissant les conditions d\u00e9finis par le statut C.C.P.F (Arr\u00eat\u00e9 n\u00b0 90-044 du 07\/02\/90, D\u00e9lib\u00e9ration n\u00b03 bis\/AT\/90 du 10\/01\/90 et n\u00b05\/AT\/90 du 11\/01\/90 et Arr\u00eat\u00e9 n\u00b090-060 du 07\/03\/90, D\u00e9lib\u00e9ration n\u00b05\/AT\/90 bis du 11\/01\/90)<\/li>\n<\/ul>\n<\/li>\n<\/ul>\n<p>Chaque type d\u2019allocation fera l\u2019objet d\u2019une notice particuli\u00e8re dans laquelle vous trouverez toutes explications utiles.<\/p>\n<p>&nbsp;<\/p>\n<hr \/>\n<h3><\/h3>\n<h3><strong>A quel moment devenez-vous employeur\u00a0?<\/strong><\/h3>\n<p>Sont consid\u00e9r\u00e9s comme <strong>employeur,<\/strong> toute personne physique ou morale du secteur public ou priv\u00e9 (associations, syndicats, offices, GIE) qui emploie un ou des travailleurs, exer\u00e7ant leur activit\u00e9 dans le Territoire, et quel que soit leur mode de r\u00e9mun\u00e9ration.<\/p>\n<p>L\u2019emploi du personnel domestique, l\u2019emploi de salari\u00e9s travaillant une seule fois ou par intermittence donnent la qualit\u00e9 d\u2019employeur.<\/p>\n<hr \/>\n<h3>Ce portail vous propose :<\/h3>\n<ul>\n<li>Pour les entreprises :\n<ul>\n<li>de t\u00e9l\u00e9charger les documents<\/li>\n<li>de saisir les assiettes trimestrielles de salaires (\u00e0 venir)<\/li>\n<li>de visualiser l&rsquo;\u00e9tat des r\u00e8glements\u00a0(\u00e0 venir)<\/li>\n<\/ul>\n<\/li>\n<li>Pour les particuliers :\n<ul>\n<li>de vous informer des prestations propos\u00e9es par la CPSWF<\/li>\n<li>de vous permettre d&rsquo;acc\u00e9der au\u00a0t\u00e9l\u00e9chargement des\u00a0documents administratif<\/li>\n<\/ul>\n<\/li>\n<\/ul>\n<ul>\n<li>RAPPORTS ANNUELS\n<ul>\n<li><a href=\"http:\/\/www.cpswf.wf\/portail\/index.php\/informations\/rapport-dactivite-2018-cpswf\/\">Rapport d&rsquo;activit\u00e9 2018 CPSWF<\/a><\/li>\n<li><a href=\"https:\/\/www.cpswf.wf\/wp-content\/uploads\/2016\/07\/RA-2019-version-d\u00e9finitive-WEB.pdf\">Rapport d&rsquo;activit\u00e9 2019 CPSWF<\/a><\/li>\n<li><a href=\"https:\/\/www.cpswf.wf\/wp-content\/uploads\/2021\/09\/Rapport-dactivit\u00e9-CPSWF-2020.pdf\">Rapport d&rsquo;activit\u00e9 2020 CPSWF<\/a><\/li>\n<li><a href=\"https:\/\/www.cpswf.wf\/wp-content\/uploads\/2025\/05\/CPSWF-Rapport-dActivit\u00e9-2021.pdf\">Rapport d&rsquo;activit\u00e9 2021 CPSWF<\/a><\/li>\n<li><a href=\"https:\/\/www.cpswf.wf\/wp-content\/uploads\/2025\/05\/CPSWF-Rapport-dActivit\u00e9-2022.pdf\">Rapport d&rsquo;activit\u00e9 2022 CPSWF<\/a><\/li>\n<li><a href=\"https:\/\/www.cpswf.wf\/wp-content\/uploads\/2025\/05\/CPSWF-Rapport-dActivit\u00e9-2023.pdf\">Rapport d&rsquo;activit\u00e9 2023 CPSWF<\/a><\/li>\n<\/ul>\n<\/li>\n<\/ul>\n<p>&nbsp;<\/p>\n","protected":false},"excerpt":{"rendered":"<p>La Caisse Locale de Retraites existe depuis le 1er janvier 1978. La Caisse de Compensation des Prestations Familiales a \u00e9t\u00e9 cr\u00e9\u00e9e au 1er juillet 1990. Au 1er janvier 2012, les deux Caisses sont unifi\u00e9es et l\u2019Arr\u00eat\u00e9 N\u00b0 2011 \u2013 377 approuve et rend ex\u00e9cutoire la d\u00e9lib\u00e9ration n\u00b0 32\/AT\/2011 du 06 octobre 2011 portant adoption des [&hellip;]<\/p>\n","protected":false},"author":1,"featured_media":0,"parent":0,"menu_order":0,"comment_status":"closed","ping_status":"closed","template":"","meta":{"footnotes":""},"class_list":["post-179","page","type-page","status-publish","hentry","post"],"_links":{"self":[{"href":"https:\/\/www.cpswf.wf\/portail\/index.php\/wp-json\/wp\/v2\/pages\/179","targetHints":{"allow":["GET"]}}],"collection":[{"href":"https:\/\/www.cpswf.wf\/portail\/index.php\/wp-json\/wp\/v2\/pages"}],"about":[{"href":"https:\/\/www.cpswf.wf\/portail\/index.php\/wp-json\/wp\/v2\/types\/page"}],"author":[{"embeddable":true,"href":"https:\/\/www.cpswf.wf\/portail\/index.php\/wp-json\/wp\/v2\/users\/1"}],"replies":[{"embeddable":true,"href":"https:\/\/www.cpswf.wf\/portail\/index.php\/wp-json\/wp\/v2\/comments?post=179"}],"version-history":[{"count":17,"href":"https:\/\/www.cpswf.wf\/portail\/index.php\/wp-json\/wp\/v2\/pages\/179\/revisions"}],"predecessor-version":[{"id":491,"href":"https:\/\/www.cpswf.wf\/portail\/index.php\/wp-json\/wp\/v2\/pages\/179\/revisions\/491"}],"wp:attachment":[{"href":"https:\/\/www.cpswf.wf\/portail\/index.php\/wp-json\/wp\/v2\/media?parent=179"}],"curies":[{"name":"wp","href":"https:\/\/api.w.org\/{rel}","templated":true}]}}

<p>La Caisse Locale de Retraites existe depuis <strong>le 1<sup>er</sup> janvier 1978</strong>. La Caisse de Compensation des Prestations Familiales a été créée au <strong>1<sup>er</sup> juillet 1990</strong>. Au <strong>1<sup>er</sup> janvier 2012, </strong>les deux Caisses sont unifiées et l’Arrêté N° 2011 – 377 approuve et rend exécutoire la délibération n° 32/AT/2011 du 06 octobre 2011 portant adoption des statuts de la Caisse de Prestations Familiales et Sociales de Wallis et Futuna (C.P.S.W.F).</p>
<h4>La CPSWF a pour fonction :</h4>
<ul>
<li><strong>d’encaisser : </strong>les cotisations patronales <strong>(20%)</strong> et salariales <strong>(7 %)</strong></li>
</ul>
<ul>
<li><strong>de verser : </strong>
<ul>
<li>les pensions retraites aux salariés remplissant les conditions définies par le statut C.L.R.</li>
<li>les prestations familiales aux salariés remplissant les conditions définis par le statut C.C.P.F (Arrêté n° 90-044 du 07/02/90, Délibération n°3 bis/AT/90 du 10/01/90 et n°5/AT/90 du 11/01/90 et Arrêté n°90-060 du 07/03/90, Délibération n°5/AT/90 bis du 11/01/90)</li>
</ul>
</li>
</ul>
<p>Chaque type d’allocation fera l’objet d’une notice particulière dans laquelle vous trouverez toutes explications utiles.</p>
<p>&nbsp;</p>
<hr />
<h3></h3>
<h3><strong>A quel moment devenez-vous employeur ?</strong></h3>
<p>Sont considérés comme <strong>employeur,</strong> toute personne physique ou morale du secteur public ou privé (associations, syndicats, offices, GIE) qui emploie un ou des travailleurs, exerçant leur activité dans le Territoire, et quel que soit leur mode de rémunération.</p>
<p>L’emploi du personnel domestique, l’emploi de salariés travaillant une seule fois ou par intermittence donnent la qualité d’employeur.</p>
<hr />
<h3>Ce portail vous propose :</h3>
<ul>
<li>Pour les entreprises :
<ul>
<li>de télécharger les documents</li>
<li>de saisir les assiettes trimestrielles de salaires (à venir)</li>
<li>de visualiser l&rsquo;état des règlements (à venir)</li>
</ul>
</li>
<li>Pour les particuliers :
<ul>
<li>de vous informer des prestations proposées par la CPSWF</li>
<li>de vous permettre d&rsquo;accéder au téléchargement des documents administratif</li>
</ul>
</li>
</ul>
<ul>
<li>RAPPORTS ANNUELS
<ul>
<li><a href="http://www.cpswf.wf/portail/index.php/informations/rapport-dactivite-2018-cpswf/">Rapport d&rsquo;activité 2018 CPSWF</a></li>
<li><a href="https://www.cpswf.wf/wp-content/uploads/2016/07/RA-2019-version-définitive-WEB.pdf">Rapport d&rsquo;activité 2019 CPSWF</a></li>
<li><a href="https://www.cpswf.wf/wp-content/uploads/2021/09/Rapport-dactivité-CPSWF-2020.pdf">Rapport d&rsquo;activité 2020 CPSWF</a></li>
<li><a href="https://www.cpswf.wf/wp-content/uploads/2025/05/CPSWF-Rapport-dActivité-2021.pdf">Rapport d&rsquo;activité 2021 CPSWF</a></li>
<li><a href="https://www.cpswf.wf/wp-content/uploads/2025/05/CPSWF-Rapport-dActivité-2022.pdf">Rapport d&rsquo;activité 2022 CPSWF</a></li>
<li><a href="https://www.cpswf.wf/wp-content/uploads/2025/05/CPSWF-Rapport-dActivité-2023.pdf">Rapport d&rsquo;activité 2023 CPSWF</a></li>
</ul>
</li>
</ul>
<p>&nbsp;</p>

<p>La Caisse Locale de Retraites existe depuis le 1er janvier 1978. La Caisse de Compensation des Prestations Familiales a été créée au 1er juillet 1990. Au 1er janvier 2012, les deux Caisses sont unifiées et l’Arrêté N° 2011 – 377 approuve et rend exécutoire la délibération n° 32/AT/2011 du 06 octobre 2011 portant adoption des [&hellip;]</p>
